3)*1). Suppose -3*g - g + 380 = 4*s, g + 184 = y*s. Is s composite?
True
Let o(f) = 7*f**2 - 4*f - 3. Let n be o(-6). Suppose -3*a - 4*x + 569 = 0, 4*x + n = 3*a - 304. Is a a prime number?
True
Is ((-12)/20 + 2536/(-15))*-15 a prime number?
False
Let c be 1 - -6 - 2/1. Suppose 10 = 4*w - m, 0*w - 4*m = c*w - 2. Suppose 0 = -5*x + 2*p + 579, w*p + 0*p = -4*x + 456. Is x composite?
True
Let r(a) be the first derivative of -a**4/4 - 2*a**3/3 + 3*a**2/2 + 3*a - 2. Let s be r(-3). Suppose -44 - s = -z. Is z prime?
True
Suppose 41 = 5*a - 39. Suppose o = -t + 5*t + 10, 5*o = -2*t - a. Is (-2)/t*(-2367)/(-6) composite?
False
Let u(s) = -s**3 + 2*s - 2. Let k be u(-4). Suppose 5*b - k = 361. Is b prime?
True
Let l(y) = y**3 - y**2 + 1. Let g(q) = 4*q**3 - 10*q**2 - 7*q + 7. Let j(f) = g(f) - 6*l(f). Is j(-6) a prime number?
True
Suppose 4*i = -i + 340. Let t = 99 - i. Is t a prime number?
True
Let h be 2/6*(19 + -1). Suppose 0 = 9*v - h*v - 357. Is v a prime number?
False
Let w(v) = 3*v**3 - 5*v**2 - 6*v**3 + 2*v**3 + v - 4. Is w(-6) a prime number?
False
Let n = -3602 - -7267. Is n a composite number?
True
Let f(c) = 31*c**2 - 3*c + 33. Is f(-6) a composite number?
True
Suppose 5*o + 5*u + 80 = -0*u, -3*o + 3*u = 24. Let x = o + 31. Is x composite?
False
Let o = -274 - -581. Is o a prime number?
True
Suppose -5*g + 2*q = q + 1, q = -4*g + 1. Suppose g = f + 2 - 0. Is ((-3)/3)/(f/134) a composite number?
False
Let b = 21 + -15. Suppose 2*p - b*p + 340 = 0. Is p composite?
True
Suppose -q - 4*q = -40. Suppose 0 = 4*j + q - 32. Is (2/j)/(1/57) prime?
True
Suppose 0*h + 2*h = 5*t + 11162, h - 3*t = 5581. Is h prime?
True
Let r be 15/(-12)*(-1 - 3). Let g be -5 + r + (-1 - -1). Suppose -4*t + z + 1232 = g, 3*t + 5*z = 7*t - 1248. Is t a composite number?
False
Suppose -3*m - m = 4*j - 1176, j = -5*m + 1466. Is m composite?
False
Let b(l) be the second derivative of l**4/12 + 5*l**3/3 - 3*l**2 + 2*l. Let s be b(-10). Is ((-356)/s)/((-4)/(-6)) composite?
False
Suppose 0 = r - 0*r + 2*h - 551, -4*r + h + 2159 = 0. Is r composite?
False
Let i(z) = 2*z**3 - 10*z + 14. Is i(5) a composite number?
True
Suppose -4*y = -7*y + 15. Suppose -2*m = -2*d + 260, 620 = y*d + 3*m + 2*m. Is d a prime number?
True
Let r = 164 - 88. Suppose -r - 76 = -d. Is (6/8)/(2/d) a prime number?
False
Let t = -2 + 5. Suppose t*h - 19 = -4. Suppose h*a = -2*s + 153, 5*s = 4*a - 162 + 33. Is a composite?
False
Let s be 2/((4/138)/(-1)). Let l = s + 138. Is l composite?
True
Let m(w) = 2*w**2 + 1. Is m(-3) prime?
True
Suppose -5*l + 2*l = 2*u - 14, 5*l - 16 = 4*u. Suppose 3*t - l*n + 8*n = 20, 4*n = t - 12. Is (-2 + t/5)*-155 a composite number?
True
Let v(r) be the second derivative of -3*r**5/5 - r**3/3 - r**2/2 + 2*r. Is v(-1) a prime number?
True
Suppose 0 = 3*w - w. Suppose -2*z + 4*r + 132 = 2*z, w = -5*z + r + 173. Is z a prime number?
False
Suppose -2*z = -5*z + 5*x + 21189, z = -2*x + 7063. Is z prime?
False
Let w(j) = -4*j**2 + 3*j - 1. Let q be w(-3). Let x = -13 - q. Is x a prime number?
False
Let m = 24180 - 15175. Is m composite?
True
Let a(r) = r**3 + r**2 - r + 43. Let j be a(0). Let o = -29 + j. Is o prime?
False
Suppose -f = -3*c + 194, c + 5*f = 6*c - 340. Let u = c + -28. Is u a prime number?
False
Is 21/7 - (-198 + -1) a composite number?
True
Let i be 144/(-66) - (-2)/11. Is i/6 - 3688/(-12) a prime number?
True
Let s(m) = 3 - 1 - m + m**2 - 3*m. Is s(8) a prime number?
False
Let g(w) = 2*w**2 - 7*w + 4. Let t be g(4). Suppose -24 = t*c - 4*c. Let d(o) = 4*o**2 - 5*o - 7. Is d(c) a prime number?
True
Suppose -17*o = -14*o - 1353. Suppose -o = -4*n + 313. Is n composite?
False
Suppose 3*u - 1 = 5. Let a = u + -2. Is 2*-1 + a + 57 a prime number?
False
Let b(s) = -s**2 - 15*s - 1. Is b(-11) composite?
False
Suppose -9 = -3*l + 81. Let x = l + 37. Is x prime?
True
Let j be (-96)/(-36) + (-2)/(-6). Suppose j*c = -4*u + 151, -3*u = -5*u + 3*c + 53. Is u composite?
True
Suppose 0 = -2*s + 423 - 149. Suppose -2*a = 2*a - 16. Suppose -s = a*p - 477. Is p a prime number?
False
Suppose 2434 = 2*j + m, -m - 3044 = 5*j - 9135. Is j a prime number?
False
Suppose b = 4*b + 2*y + 14, 4*b = -3*y - 19. Is (45/b + 2)*-12 composite?
True
Let z(y) = -y**2 + 0 + 4*y + 4*y - 5*y + 2. Let n be z(3). Suppose 0 = -j - 4*m + 27, -n*j + 16 = -5*m + 1. Is j prime?
False
Suppose 4*a - 173 = 15. Is a a composite number?
False
Let k(w) = -2*w**2 - 25*w - 9. Let i(d) = -d**2 - 12*d - 5. Let l(q) = -9*i(q) + 4*k(q). Is l(-8) a prime number?
False
Suppose 2*r - 8 = -2. Suppose -r*p = 2*p - 10. Suppose -11 = -5*s - 4*u + 64, 5*s - p*u - 105 = 0. Is s composite?
False
Suppose 0 = 4*v - 5 - 3. Let u(r) = 3*r + 9*r - r**v + 0*r**2 - 7. Is u(8) a prime number?
False
Is (8591/(-22))/(1/(-2)) a composite number?
True
Let j = -41 + 62. Suppose -4*c = -c - j. Is c a composite number?
False
Is (41242/17)/(-1 - (-1 + -2)) prime?
True
Let r(i) = 27*i - 3. Let z = 4 - 0. Let l be r(z). Suppose 4*x - 27 - l = 0. Is x a composite number?
True
Let p = -3338 + 6277. Is p prime?
True
Is (1 - 2/4)/(1/2498) prime?
True
Is 2/(16/1286)*(-36)/(-3) a composite number?
True
Let a be (1 + -1)/(2/2). Suppose 3 + 3 = 3*x. Suppose a*n = -x*n + 70. Is n a prime number?
False
Let n(f) = 3*f**2 + 19*f - 33. Let s(q) = -q**2 - 6*q + 11. Let g(p) = -6*n(p) - 17*s(p). Is g(-11) composite?
True
Suppose -10*c + 1823 = -1367. Is c composite?
True
Let y = -98 + 386. Let r = y - 77. Is r a prime number?
True
Suppose 2*t - t - 6 = 0. Is (-1 - (-4)/t)*-771 a composite number?
False
Suppose 2*h - 88 = 802. Is h a composite number?
True
Let r be -5 - -4 - (-6)/2. Suppose 4*p = r*s + 636, 3*s = 3*p + s - 475. Is p composite?
True
Suppose 14*f - 4662 = 1456. Is f a composite number?
True
Let g = 11 - 3. Suppose o - k - 69 = 0, 0 = 4*o - g*k + 3*k - 271. Is o a prime number?
False
Let f(t) = t**2 + 6*t + 3. Let i be f(-6). Suppose 0 = i*m + 2*m - 75. Suppose 0 = -v + m - 0. Is v prime?
False
Let n = -64 - -55. Let l be 3*(1 - (-30 + 0)). Is (6/n)/((-2)/l) prime?
True
Let i = -1413 + 2474. Is i a prime number?
True
Is 1754/6 + 26/39 prime?
True
Let b be 2*-2*119/4. Let x = 234 + b. Is x composite?
True
Let u = -8 + 20. Suppose 0 = -2*s + u - 4. Is 470/8 - (-1)/s a prime number?
True
Let z be (6/15)/(1/(-15)). Let s be 3/z*(-2 - -2). Suppose 3*w - x - 159 - 111 = s, 4*w = 5*x + 349. Is w composite?
True
Let h = -7 - -65. Is h composite?
True
Let y(h) = 129*h**3 + h - 1. Is y(1) a composite number?
True
Suppose 0 = -3*c + 467 + 64. Suppose g = -2*g + c. Is g prime?
True
Let p = -597 - -325. Let y = -574 - p. Let g = y + 505. Is g composite?
True
Let s = 2 - -1. Let a(d) = 3*d**3 - 5*d**2 + d - 8. Let k(p) = -7*p**3 + 10*p**2 - 3*p + 15. Let i(b) = -7*a(b) - 4*k(b). Is i(s) a prime number?
False
Suppose -2*v = -5*b - 3*v + 838, 2*b = 3*v + 325. Is b prime?
True
Let j = 18 + 51. Is j composite?
True
Let r be (-2)/9 - (-122)/(-18). Let s = -1 - r. Let f(u) = -u**3 + 7*u**2 + 2*u - 1. Is f(s) prime?
True
Let p = 142 + 99. Let s be (1*4)/(1/p). Suppose 3*u - s = 155. Is u a prime number?
True
Suppose 4 = 2*u - 0. Suppose -3 = -3*r, -4*x - r - u*r + 127 = 0. Let h = -18 + x. Is h a prime number?
True
Suppose 0 = -7*b + 6*b + 1535. Is b a prime number?
False
Suppose 2*h + 8 = -4*i, 3*h - 2*h = -3*i. Let d = 82 - 129. Let y = h - d. Is y a composite number?
True
Suppose -2*h + h = -557. Is h composite?
False
Let d(u) = -2*u**2 + 2*u + 1. Let x be d(2). Is 1/(-3) + (-64)/x a composite number?
True
Let l = -7 + 10. Let n be 5*2*l/2. Suppose 0*o = -5*o + n. Is o composite?
False
Suppose 0*m + 4*m - 40 = 0. Suppose -k - 5*v + m = -19, 3*k - v - 23 = 0. Is k composite?
True
Suppose 4 = -2*v + 6*v. Let i = v + 4. Suppose x = i*x - 16. Is x composite?
True
Let q = 81 + 47. Is 4/(-12) - q/(-6) composite?
True
Let j(c) = -69*c**2 + 50*c**2 - 1 + 51*c**2. Is j(-2) composite?
False
Suppose 2*l + 3*s = 7*l - 27, 0 = 5*l + s - 11. Suppose -107 = -3*h - p + 2*p, -115 = -l*h - p. Is h composite?
False
Let g(q) = 32*q**3 + q**2 - 1. Let h be g(1). Suppose -2*x - 4 = -h. Is x a prime number?
False
Suppose -q + 5*q - 356 = 0. Is q composite?
False
Let k(g) = 8*g**2 + 9*g + 10. Let f(m) = -8*m**2 - 8*m - 9. Let x(p) = -5*f(p) - 4*k(p). Is x(-6) prime?
True
Suppose v = 3